ne h(9).
-22
Let t(y) = y**3 + 25*y**2 + 24*y - 8. What is t(-24)?
-8
Let y(r) = r**3 + 4*r**2 - r + 1. Calculate y(-3).
13
Let x(v) = -v**3 - 16*v**2 + 16*v - 19. Determine x(-17).
-2
Let l(k) = -k**3 - 5*k**2 + k - 1. Determine l(-5).
-6
Let c(t) = t**3 + 12*t**2 - 11*t + 16. Determine c(-13).
-10
Let r(a) = 9*a + 2. Determine r(-1).
-7
Let m(x) = -5*x + 67. Give m(17).
-18
Let q(n) = n**2 - 4*n - 34. Calculate q(-3).
-13
Let t(j) = 36*j + 32. Determine t(-4).
-112
Let r(t) = -7*t - 7. Determine r(3).
-28
Let k(v) = -6*v - 25. What is k(-4)?
-1
Let o(f) = -59*f**3 + 2*f**2 - f. What is o(1)?
-58
Let o(r) = -r**3 - 9*r**2 - 23*r - 11. Determine o(-6).
19
Let d(p) = -p**2 - p + 109. Calculate d(10).
-1
Let i(t) = 2*t**3 - 3*t**2 + 3*t + 2. Give i(3).
38
Let r(a) = 32*a - 386. What is r(12)?
-2
Let d(k) = -2*k - 4. Give d(0).
-4
Let x(r) = -7*r + 3. Determine x(6).
-39
Let q(v) = -2*v**3 + 7*v**2 + 4*v - 3. Calculate q(4).
-3
Let p(s) = s**3 + 11*s**2 - 11*s + 2. Calculate p(-12).
-10
Let x(t) = -t**3 - 5*t**2 - 10*t - 45. Determine x(-5).
5
Let v(w) = -w**2 + 3*w - 27. Give v(-6).
-81
Let r(b) = 2*b**2 - 64*b + 30. Determine r(32).
30
Let p(s) = s**3 - 5*s**2 + 3*s + 5. Give p(6).
59
Let h(w) = -2*w**2 - 45*w + 28. Calculate h(-23).
5
Let s(m) = -m. Calculate s(-8).
8
Let f(y) = -2*y**3 - 2*y + 1. Give f(1).
-3
Let c(z) = -7*z**2 - 2*z - 1. Calculate c(-1).
-6
Let a(y) = -y**3 - 8*y**2 + 14*y + 12. Give a(-9).
-33
Let n(v) = 12*v**2 + 3*v - 3. Give n(1).
12
Let z(n) = n**3 - 14*n**2 - 27*n - 75. Give z(16).
5
Let m(x) = -3*x - 8. Calculate m(-5).
7
Let p(o) = 3*o - 42. Calculate p(0).
-42
Let x(q) = q**3 - 2*q**2 + 4*q - 8. What is x(2)?
0
Let k(q) = 3*q**2 - 6*q - 2. Give k(3).
7
Let d(b) = b**3 + 16*b**2 + 14*b - 14. Determine d(-15).
1
Let f(p) = -p**3 - 11*p**2 - p - 6. Determine f(-11).
5
Let m(g) = g**3 - 6*g**2 - 5. What is m(5)?
-30
Let p(v) = v**2 + 10*v - 10. Determine p(-10).
-10
Let s(y) = -3*y - 42. Determine s(-17).
9
Let w(z) = -2*z**2 - 4*z. Give w(4).
-48
Let u(l) = 16*l - 56. Give u(-6).
-152
Let v(a) = -a**3 + 4*a**2 - 4*a + 23. What is v(4)?
7
Let v(h) = 2*h - 22. Give v(13).
4
Let k(w) = w**3 - 4*w**2 + 4*w - 6. Give k(4).
10
Let x(g) = 48*g - 246. Determine x(5).
-6
Let a(q) = -q**2 + 22*q - 77. Give a(17).
8
Let i(t) = t + 3. Give i(-2).
1
Let h(a) = -a + 9. Give h(6).
3
Let h(b) = b**2 + 5*b - 2. Determine h(-5).
-2
Let c(v) = -9*v - 409. Give c(-45).
-4
Let r(o) = o**2 + 35*o + 5. Determine r(-34).
-29
Let u(q) = q - 6. What is u(6)?
0
Let t(k) = -7*k**3 - k**2 + 10*k - 8. Determine t(1).
-6
Let s(v) = -2*v**2 - 6*v + 29. Determine s(-7).
-27
Let h(p) = p**2 - 6*p + 16. Calculate h(-7).
107
Let m(a) = -a**3 - a**2 - 2*a - 3. Give m(3).
-45
Let p(n) = -n**3 + 22*n**2 - 39*n + 21. Determine p(20).
41
Let o(x) = -x - 5. Determine o(-8).
3
Let g(s) = -s + 2. Calculate g(-19).
21
Let m(z) = -2*z**2 - 28*z + 34. Give m(-16).
-30
Let w(c) = 2*c**2 + 3*c - 8. Calculate w(8).
144
Let i(k) = k**3 + 12*k**2 - 11*k + 18. Calculate i(-13).
-8
Let q(z) = -5*z + 12. Calculate q(5).
-13
Let m(d) = -d + 11. Calculate m(10).
1
Let s(w) = w**3 + 5*w**2 + 2*w - 1. Determine s(-5).
-11
Let f(o) = -o**3 - 8*o**2 + 9*o + 9. Calculate f(-9).
9
Let u(s) = s**3 - 11*s**2 + 25*s + 13. Calculate u(7).
-8
Let g(i) = 110*i**2 + i - 2. Give g(1).
109
Let o(n) = 8*n + 18. Determine o(-2).
2
Let p(s) = 3*s**2 + 10*s + 20. Give p(-4).
28
Let c(d) = -8*d + 14. Determine c(4).
-18
Let o(d) = -d**2 - 16*d - 9. What is o(-13)?
30
Let c(q) = 3*q + 1. What is c(4)?
13
Let p(u) = -u**2 - 4*u + 6. Give p(-4).
6
Let f(r) = 2*r - 7. Calculate f(3).
-1
Let j(z) = 28*z + 102. Determine j(-6).
-66
Let n(j) = -20*j + 40. Calculate n(2).
0
Let v(w) = -w**3 - 18*w**2 + w + 26. Determine v(-18).
8
Let k(d) = -d**3 - 14*d**2 - 22*d - 1. Give k(-12).
-25
Let b(n) = -n**2 - 4*n + 21. Determine b(4).
-11
Let w(v) = -v**3 - 8*v**2 - 8*v + 9. Determine w(-7).
16
Let o(n) = 6*n + 72. Determine o(-9).
18
Let g(j) = -j**3 + 4*j**2 + 6*j - 2. Calculate g(5).
3
Let x(o) = 10*o. Determine x(1).
10
Let o(g) = 9*g**2 - 84*g + 4. Determine o(9).
-23
Let k(j) = j + 13. Give k(-4).
9
Let r(g) = -2*g**2 - 25*g - 15. Give r(-12).
-3
Let p(r) = 4*r - 1. Determine p(0).
-1
Let d(o) = 33*o**3 + 2*o**2 + o - 2. Determine d(1).
34
Let a(r) = 6*r**3 + 2*r**2 - 6*r + 8. What is a(2)?
52
Let s(x) = x**3 - 18*x**2 + x - 15. Determine s(18).
3
Let n(l) = l**3 - l**2 - 2. Give n(2).
2
Let g(p) = -5*p + 111. What is g(12)?
51
Let x(p) = -p**2 - 7*p + 25. What is x(-5)?
35
Let u(c) = -2*c**3 + 14*c**2 + 18*c - 12. What is u(8)?
4
Let x(h) = 9*h - 33. What is x(6)?
21
Let p(f) = -f**2 - 3*f + 32. Give p(6).
-22
Let s(m) = 22*m**3 + m**2 - 2*m + 1. Give s(1).
22
Let s(i) = -i**3 - 5*i**2 - 2*i - 10. Give s(-5).
0
Let r(p) = 2*p - 2. What is r(-5)?
-12
Let c(d) = -d**2 + 11*d - 24. Calculate c(6).
6
Let j(k) = -3*k**3 - 6*k**2 - 4*k + 6. Determine j(-2).
14
Let o(b) = b**2 + 23*b + 4. Calculate o(-23).
4
Let r(p) = -3*p**2 + 10*p + 9. Determine r(4).
1
Let h(r) = r**2 - 4*r + 2. What is h(3)?
-1
Let w(t) = -t**3 - 16*t**2 - 8*t + 30. What is w(-15)?
-75
Let a(h) = h**3 - 10*h**2 - 13*h + 12. What is a(11)?
-10
Let u(n) = -7*n**2 - n + 2. Determine u(-2).
-24
Let w(v) = v + 25. What is w(0)?
25
Let g(z) = 26*z - 220. Give g(8).
-12
Let a(x) = -x**2 - 6*x - 10. Calculate a(-8).
-26
Let y(w) = -w**3 - 14*w**2 - 23*w + 8. What is y(-12)?
-4
Let o(f) = -2*f - 82. Give o(-35).
-12
Let o(c) = c**3 + 11*c**2 - 14*c - 15. Give o(-12).
9
Let h(t) = 2*t**2 + t - 21. Calculate h(5).
34
Let p(r) = r**3 - 4*r**2 + 5*r. Determine p(2).
2
Let p(k) = -k**2 - 13*k - 13. Calculate p(-10).
17
Let t(j) = 3*j**3 - 5*j**2 - 8*j + 11. Calculate t(3).
23
Let n(x) = x**3 + 17*x**2 + 34*x + 3. What is n(-15)?
-57
Let k(z) = 19*z**2 - 3*z + 2. Give k(1).
18
Let w(d) = 5*d**2 + 9*d - 28. Calculate w(2).
10
Let x(i) = 2*i**2 - 23*i + 67. Calculate x(4).
7
Let s(o) = -o**2 + 9*o + 15. Give s(11).
-7
Let s(b) = b**3 - 5*b**2 + 5*b. Give s(4).
4
Let y(f) = f**2 + 27*f - 4. Determine y(-27).
-4
Let t(c) = -2*c + 8. Calculate t(8).
-8
Let l(i) = i**3 + 5*i**2 - 6*i - 1. What is l(-5)?
29
Let t(o) = -o**3 - 13*o**2 + 3*o + 31. Determine t(-13).
-8
Let n(j) = j**3 - 12*j**2 + 44*j - 159. What is n(9)?
-6
Let f(s) = s**3 + 9*s**2 + 2*s - 22. Give f(-8).
26
Let c(t) = t**2 + 7*t + 6. What is c(-4)?
-6
Let l(n) = 8*n + 29. Give l(-4).
-3
Let k(t) = t**3 - t**2 - 41*t - 17. Determine k(7).
-10
Let t(c) = -3*c - 19. What is t(9)?
-46
Let t(y) = -y - 8. Calculate t(-9).
1
Let k(b) = b + 10. Give k(-10).
0
Let c(x) = -74*x - 6. Determine c(-2).
142
Let n(o) = o**3 - 16*o**2 - 15*o - 19. Determine n(17).
15
Let f(w) = 3*w**2 - 7*w - 4. Determine f(3).
2
Let o(b) = -2*b + 1. Determine o(7).
-13
Let a(j) = 2*j**2 - 9*j + 45. Calculate a(5).
50
Let p(w) = 16*w**3 - w**2 - w. What is p(-1)?
-16
Let c(j) = j**3 - 3*j**2 - 7*j - 2. Determine c(-3).
-35
Let f(n) = 2*n + 8. Determine f(-6).
-4
Let h(d) = -d**3 - 5*d**2 + d - 5. Give h(4).
-145
Let p(i) = -23*i + 130. Determine p(6).
-8
Let o(m) = m**2 - 12*m + 18. Determine o(9).
-9
Let l(n) = -28*n - 188. Determine l(-4).
-76
Let j(h) = 87*h + 271. Give j(-3).
10
Let s(v) = -5*v + 4. What is s(-5)?
29
Let n(s) = s**3 - 2*s**2 - 3*s - 2. Give n(3).
-2
Let m(r) = -r - 13. What is m(-7)?
-6
Let k(d) = 22*d + 1. Determine k(1).
23
Let q(s) = 4*s**2 - 37*s - 39. What is q(10)?
-9
Let r(q) = 8*q - 2. Calculate r(-4).
-34
Let y(j) = -2*j**2 + j + 2. What is y(-4)?
-34
Let n(o) = -o**2 - 5*o - 2. Give n(-3).
4
Let p(o) = o + 7. Give p(-7).
0
Let b(d) = -d**3 - 2*d**2 + 8*d + 8. Calculate b(-4).
8
Let i(v) = v**3 + 4*v**2 - 6*v + 36. Calculate i(-6).
0
Let p(w) = -6*w + 2. Calculate p(2).
-10
Let j(f) = 2*f - 41. Calculate j(22).
3
Let o(f) = 2*f**3 + 28*f**2 - 33*f - 44. Give o(-15).
1
Let d(u) = -u**2 - u - 6. Give d(-5).
-26
Let a(h) = 4*h + 59. Calculate a(-16).
-5
Let d(c) = c**3 - 24*c**2 + 23*c - 17. Calculate d(23).
-17
Let g(t) = 5*t. What is g(4)?
20
Let u(x) = -38*x - 33. Determine u(3).
-147
Let z(x) = -x**2 - 12*x - 15. What is z(-10)?
5
Let y(x) = -x**3 + 12*x**2 - 2*x + 8. Calculate y(12).
-16
Let h(k) = k**3 + 10*k**2 - 2. What is h(-10)?
-2
Let i(t) = -t**3 + 13*t**2 - 10*t - 9. Determine i(